o base 13.
-82692
Convert -11323424 (base 5) to base 12.
-50828
-98a75 (base 13) to base 5
-32321121
-76d865 (base 16) to base 3
-112122201000100
-2132352 (base 11) to base 3
-21001120122112
bc7d1 (base 15) to base 9
1112777
Convert 155733 (base 10) to base 15.
31223
1445343 (base 6) to base 8
244277
Convert 615104 (base 7) to base 6.
2130055
Convert -1111000110011100110010 (base 2) to base 7.
-45435021
What is 303021223123 (base 4) in base 10?
13408987
Convert b4068 (base 12) to base 6.
5012212
What is -441350 (base 9) in base 5?
-31412312
What is -203160 (base 12) in base 6?
-14441000
Convert aabb2 (base 15) to base 9.
1016325
-992932 (base 16) to base 14
-1494002
75c390 (base 16) to base 2
11101011100001110010000
Convert 132545513 (base 6) to base 4.
22020330111
Convert -19009 (base 16) to base 5.
-11234114
-7e07e (base 16) to base 4
-1332001332
What is -1430331 (base 5) in base 6?
-351151
What is a3f5f5 (base 16) in base 14?
15d9d1b
-a43315 (base 14) to base 15
-746a7d
What is -1737670 (base 11) in base 3?
-12120000200221
What is 64d720 (base 16) in base 8?
31153440
Convert -20b81 (base 15) to base 4.
-121112212
587959 (base 11) to base 9
1671563
-6015 (base 12) to base 6
-120025
What is -1035163 (base 10) in base 6?
-34104231
What is -5152431 (base 6) in base 13?
-88c30
24350765 (base 8) to base 7
63402064
Convert 136772a (base 14) to base 3.
122200021022110
419425 (base 13) to base 2
101110110100100000101
Convert 387311 (base 10) to base 4.
1132203233
What is 62355622 (base 7) in base 2?
10011111111100010101111
What is 3251b (base 13) in base 16?
16342
What is 11111000011111111011010 (base 2) in base 3?
120022200211120
What is 303209 (base 11) in base 10?
487397
348662 (base 11) to base 13
164a19
Convert -281221 (base 9) to base 16.
-29de8
Convert 21466775 (base 9) to base 12.
3585912
Convert 106451 (base 13) to base 15.
79212
Convert -118b2b4 (base 12) to base 8.
-15027750
What is 230415422 (base 7) in base 3?
222110220212022
Convert -5363346 (base 8) to base 15.
-1d5461
Convert 1cc63d (base 15) to base 6.
50110051
Convert -226315 (base 7) to base 6.
-512041
Convert -3006782 (base 9) to base 15.
-218d28
-193771 (base 10) to base 11
-122646
-1564527 (base 8) to base 5
-103443301
-2c840c (base 13) to base 11
-694157
5cb248 (base 14) to base 16
3088d0
What is 5b8e36 (base 16) in base 2?
10110111000111000110110
Convert -12033784 (base 10) to base 7.
-204166630
What is -737365 (base 11) in base 4?
-10200111213
1000000011101110101101 (base 2) to base 16
203bad
What is 444076 (base 13) in base 8?
6105155
Convert -12013404 (base 5) to base 7.
-640045
6802 (base 16) to base 10
26626
Convert 86728 (base 13) to base 14.
64731
Convert -207702 (base 10) to base 13.
-73701
Convert 91472d (base 14) to base 15.
6693b6
Convert -777715 (base 8) to base 2.
-111111111111001101
What is 91086 (base 10) in base 3?
11121221120
What is -455aa3 (base 15) in base 8?
-14500517
Convert 121110122102112 (base 3) to base 14.
123b6ba
Convert -1322300300 (base 5) to base 8.
-14530136
What is -1002330131 (base 4) in base 14?
-71d01
What is -2423230 (base 5) in base 7?
-246323
-92aa7 (base 15) to base 3
-212121120011
Convert -4b3b6 (base 12) to base 3.
-12012122010
10412101 (base 6) to base 12
131031
1101100111110010001 (base 2) to base 16
6cf91
-2501234 (base 6) to base 4
-200112112
What is 41a5bd (base 16) in base 3?
22002120121022
What is 11100102102 (base 3) in base 4?
110321201
What is -13233242 (base 6) in base 14?
-b6550
-2e46e5 (base 16) to base 6
-145000433
Convert -2102022020220 (base 3) to base 15.
-1a5ce3
Convert 15e8d (base 16) to base 6.
1531245
What is 357c8bb (base 13) in base 8?
77140721
Convert 113323132 (base 5) to base 11.
32a769
Convert 122122000002101 (base 3) to base 15.
c510b7
What is 202330102 (base 4) in base 2?
100010111100010010
-1115156 (base 7) to base 9
-231178
Convert -72698 (base 14) to base 15.
-56a5a
What is 403421 (base 8) in base 12?
64a95
4336026 (base 7) to base 11
33246a
What is 3512125 (base 6) in base 10?
180629
What is 28172 (base 13) in base 16?
124d0
86a03 (base 11) to base 5
13020302
10220321220 (base 5) to base 13
22b180b
What is 1222210010022 (base 3) in base 16?
102725
What is 12214015 (base 7) in base 11?
689692
-40311234 (base 5) to base 2
-1001110110010000110
-680a7b (base 14) to base 13
-96a813
Convert -5249367 (base 11) to base 10.
-9250886
Convert 532121 (base 9) to base 10.
316486
127361 (base 8) to base 4
22323301
What is 149827 (base 16) in base 10?
1349671
What is 193298 (base 11) in base 2?
1001000100011001010
What is 605131 (base 9) in base 3?
200012011001
What is 21412035 (base 6) in base 5?
130430013
243a99 (base 13) to base 4
3103033111
Convert 244023414 (base 5) to base 3.
2011211110022
-92535 (base 11) to base 15
-2a04e
-72837 (base 10) to base 8
-216205
Convert -87fd (base 16) to base 9.
-52671
-2534653 (base 8) to base 11
-440102
Convert -6152316 (base 7) to base 14.
-1520b6
2210201111002 (base 3) to base 9
2721432
6b161 (base 15) to base 9
570021
Convert -822cff (base 16) to base 9.
-17042540
-ad2ae (base 16) to base 15
-e0264
What is -89232 (base 13) in base 4?
-330231000
What is 1020140131 (base 5) in base 15?
2bba2b
Convert 5519 (base 10) to base 14.
2023
What is 31346161 (base 7) in base 12?
a799b1
-240311 (base 10) to base 8
-725267
156ddc7 (base 14) to base 6
1012441243
-1329883 (base 12) to base 8
-16353643
23473d (base 14) to base 10
1203299
What is -214312 (base 11) in base 4?
-1103212223
What is -6a82c2 (base 13) in base 5?
-1122001230
What is 220722 (base 8) in base 2?
10010000111010010
Convert -13320412 (base 5) to base 14.
-37672
Convert 4418ab (base 15) to base 11.
19172a6
-16460a (base 13) to base 10
-552471
What is 1307718 (base 12) in base 8?
16223504
-20202001032 (base 4) to base 8
-10420116
Convert -1100100000010011100 (base 2) to base 15.
-81621
What is 3854771 (base 10) in base 8?
16550663
What is 10231121021 (base 4) in base 6?
42243145
222321213 (base 4) to base 11
110025
Convert 131333035 (base 6) to base 13.
6ca8bc
What is 570992b (base 12) in base 8?
77522763
-1100000000001011 (base 2) to base 7
-263222
Convert -134210002 (base 5) to base 3.
-1022021111200
What is 1d275 (base 15) in base 6?
2012032
a3718 (base 11) to base 6
3124153
What is -325121555 (base 6) in base 15?
-7a62ee
Convert -71279 (base 10) to base 7.
-414545
Convert -572456 (base 11) to base 12.
-37b205
What is -107037 (base 13) in base 12?
-167966
What is 7327055 (base 8) in base 7?
22350641
Convert 1151254 (base 7) to base 15.
2d811
Convert 10121122012120 (base 3) to base 6.
105105110
Convert 8038a5 (base 12) to base 10.
1997117
What is -13465110 (base 7) in base 6?
-43000503
Convert -c42cd (base 15) to base 7.
-5166241
What is -2111213001 (base 5) in base 4?
-100301230310
4452020 (base 6) to base 14
5bc28
-11011100000111010001010 (base 2) to base 11
-4086aa4
1001110111101011110100 (base 2) to base 4
21313223310
503a44 (base 14) to base 4
22103001230
-8929a (base 11) to base 6
-2435202
What is 92b00 (base 13) in base 15?
53037
Convert -170032 (base 9) to base 6.
-2130045
What is -10534004 (base 6) in base 9?
-542764
Convert 535658 (base 10) to base 9.
1005705
-132033211 (base 4) to base 16
-1e3e5
c4dc04 (base 14) to base 7
110325604
What is -12c38 (base 13) in base 10?
-35030
Convert -ad973 (base 15) to base 4.
-2012311002
Convert -44587 (base 13) to base 10.
-123988
Convert 200102011222 (base 3) to base 16.
587cf
What is -250878 (base 10) in base 14?
-675dc
What is 3190a (base 11) in base 9?
70523
What is -3263135 (base 7) in base 12?
-17481b
-6da8ca (base 14) to base 15
-4e2b43
-9b043 (base 14) to base 11
-237537
d33b2 (base 14) to base 12
206254
Convert -858cc3 (base 13) to base 9.
-5804483
41342140 (base 5) to base 9
567715
Convert 1354211 (base 9) to base 15.
ea8c1
Convert -542871 (base 9) to base 5.
-40324114
-622254 (base 10) to base 14
-122aaa
87a37 (base 15) to base 3
210220010021
-37b6069 (base 12) to base 2
-101001101110011111010001
Convert -3b6cd (base 15) to base 16.
-2e84f
b11888 (base 13) to base 2
1111101100111111011101
What is -871ea9 (base 15) in base 8?
-30432333
Convert -13103314 (base 6) to base 3.
-210202201101
Convert -5488848 (base 9) to base 15.
-3d4bc8
What is -97561 (base 12) in ba